= -500 - 1380. Is v a prime number?
False
Suppose 5*k + q - 19 = 0, 29 = 3*k + 2*q + 3*q. Let x(n) be the second derivative of n**5/5 - n**4/12 - n**3/3 + n**2 - 21*n. Is x(k) composite?
True
Let y be (-8)/(-5)*(-10)/(-4). Let u = -4 + y. Is 1/(-1) + (u - -38) a composite number?
False
Suppose -3*m + 50 = 2*m. Let g(l) = -3*l**2 - 2*l + 1. Let f be g(1). Is (f/2)/(m/(-385)) composite?
True
Is (154*-1)/(4 - 6) composite?
True
Is (5 + 2616/(-16))/((-1)/2) a composite number?
False
Let s be ((-24)/3)/4 + 403. Suppose -3*f = -s - 826. Is f prime?
True
Let d = 0 + 5. Suppose -372 = -d*q + 2*q. Let c = q + -65. Is c a composite number?
False
Let v(h) = -h**2 + 8*h - 5. Suppose 0 = -r - 3 - 7. Let t = -6 - r. Is v(t) a prime number?
True
Let v be (-29*1)/(-3 - -2). Suppose -2*q - v = 3*t, -2*q - 2*q = -2*t + 18. Let n = q - -16. Is n composite?
True
Suppose 30 = 3*m + 2*m. Let v(h) = h**2 - 5*h + 9. Is v(m) a composite number?
True
Suppose -2*c = -257 - 523. Let q = c - -540. Is ((-4)/(-6))/(4/q) a composite number?
True
Let o be 6/(-4)*(-6 - -4). Suppose -2*l = -2*s + 10, o*l - s + 7 = -2*s. Let c = l + 9. Is c a composite number?
True
Let d = 180 - 15. Suppose 3*w - d = -0*w. Is w a prime number?
False
Let q(t) = 16*t**2 + 13*t - 36. Is q(-11) a prime number?
False
Let w = 12 - 8. Let h(o) = o**3 - 5*o**2 + 4*o - 4. Let z be h(w). Is z/(-10) + 846/10 composite?
True
Suppose -3*i - i + 148 = 0. Is i a prime number?
True
Let v be 4 - (-3)/(6/2). Suppose -v*y + j = -750, 3*y - 282 = 2*j + 175. Is y a composite number?
False
Suppose 4*f - 5598 = -154. Is f a prime number?
True
Let b(r) = r**2 + 2*r - 3. Let p be b(1). Let x(n) = 4*n**2 + 1. Let k be x(-1). Suppose -3*l + k*l - 110 = p. Is l a prime number?
False
Let i(v) = v**3 - 2*v**2 - v - 6. Let n(o) = -3*o**3 + 7*o**2 + 4*o + 17. Let g(r) = -11*i(r) - 4*n(r). Let d be g(7). Suppose -d = l - 35. Is l composite?
False
Let m(g) = -4*g**3 - 9*g**2 - 8*g + 1. Is m(-6) composite?
True
Let z(l) = -l**3 + l**2 - l - 1. Let s(w) = -3*w**3 + 2*w**2 - 3*w - 3. Let b(y) = s(y) - 2*z(y). Is b(-2) composite?
True
Suppose -3*a - 236 = -q, 0 = 2*q - 4*a - 593 + 111. Is q composite?
False
Let q(s) = -9*s + 2. Suppose 2*z - 21 = 5*z. Is q(z) composite?
True
Suppose 49 = -2*u + 3*c, -2*c + 24 = -u - 0*u. Let q = 2 - u. Suppose 0*w - q = -2*w. Is w composite?
True
Is (-2 - 447/(-15))*(4 + 1) prime?
True
Suppose h - 41 - 17 = 0. Is h prime?
False
Let n = -18 + 31. Let h be -2 - 2/2*-24. Let a = n + h. Is a prime?
False
Let u(d) = 2*d**2 + 3*d - 1. Let y be u(2). Let k = y - 9. Suppose 138 = k*b - 18. Is b prime?
False
Let o = -4 + 9. Suppose 3*m - o = -2*q + 8*m, q + 5*m + 20 = 0. Let b(f) = f**2 + 4*f - 2. Is b(q) prime?
True
Let j(m) = -m**3 + 4. Suppose -3*f = -8*f. Is j(f) prime?
False
Let f = -124 - -182. Is f composite?
True
Suppose 0 = -2*k + 4 + 4. Suppose 2*y - 217 = 19. Suppose -t + y = -6*g + g, 592 = k*t + 4*g. Is t a composite number?
True
Let j = 2 + 1. Suppose -5*i + 78 = -j*i. Is i prime?
False
Suppose 3*k = 7*k. Suppose k*s = -3*s + 273. Is s a prime number?
False
Let o be 4/14 - (-176)/(-28). Is (4/o)/(2/(-12)) a prime number?
False
Let c(v) = -v**3 + 12*v**2 - 13*v - 1. Suppose 0 = 3*b - 8*b - 2*y + 8, -3*b = 2*y - 4. Suppose -b*k - 4 = -k, 2*f - 3*k = 32. Is c(f) a prime number?
False
Suppose 0 = -2*p + 47 + 107. Suppose 2*g = p + 189. Is g a prime number?
False
Let r(p) = 13*p**2 + 2*p + 3. Let c be (-1 - -2)*(-11 - -9). Is r(c) a composite number?
True
Let b be (-36)/(-8)*(-436)/(-3). Suppose -b = -3*c - q, -6*c + c + 1094 = 3*q. Suppose -4*j + 317 = -r, -95 = -4*j - 4*r + c. Is j composite?
False
Suppose -3*f - 55 = 2*f. Let b(d) = 2*d**2 - 11*d. Let q be b(7). Let z = f + q. Is z a prime number?
False
Suppose 4*k = -2*l + 3*k + 17, -3*k = 3*l - 33. Suppose l*b - b = 10. Suppose -245 = -b*j + 3*u, 0 = -4*u - 3 - 17. Is j a prime number?
False
Suppose 14 = -0*k - 2*k + 2*b, -3*b = 3*k + 27. Is k/(-36) - 338/(-18) composite?
False
Suppose 4*d + d + 340 = 0. Suppose -3*w + 524 = 35. Let x = d + w. Is x composite?
True
Suppose l = -5*l + 846. Is l a composite number?
True
Let t = 0 + 5. Suppose 0*g - 4*g = t*u - 740, -3*g + 159 = u. Is -2 + u + (-2 - -5) prime?
False
Let d = -7 + 2. Let m be (-2)/d - (-1068)/30. Let v = m + -1. Is v composite?
True
Suppose 2*u = 34 + 36. Is u prime?
False
Let x(c) be the second derivative of -c**5/20 + c**4/12 - c. Let v be x(1). Suppose -f - 3*f + 8 = v. Is f prime?
True
Let d(v) = 2*v**3 - 3*v**2 - 2*v - 5. Suppose 0*b + 12 = 3*b. Is d(b) composite?
False
Let j = -150 + 281. Is j composite?
False
Suppose -11 = -4*z + 1. Suppose -z*u - 20 + 77 = 0. Is -1 + (1 - 0) + u composite?
False
Let o = 7 - 6. Suppose 4*b - 4*y - 93 = 187, y - o = 0. Is b a prime number?
True
Let p = -12 - -21. Is 6/(-27) + 1199/p a prime number?
False
Suppose 0*j = -3*j + 1365. Suppose 5*s - j = -0*s. Is s a composite number?
True
Let c = -13 + 267. Is c a prime number?
False
Let o be -101*(0 + 0 + -1). Let q = o - 249. Is (-1 - -5)*q/(-16) a composite number?
False
Let s(b) = 6*b**3 + 3*b**2 - 7*b + 9. Let p(c) = -5*c**3 - 4*c**2 + 7*c - 9. Let g(y) = -5*p(y) - 4*s(y). Is g(-8) composite?
True
Suppose -734 = -2*b + 752. Is b a composite number?
False
Let g(z) = z**3 + 6*z**2 + 4*z - 4. Let o be g(-5). Let t = 0 - o. Is (-4)/(-10)*(14 - t) a composite number?
True
Let b(n) = -45*n + 9. Let u be b(7). Is ((-14)/21)/(4/u) composite?
True
Let a(x) = x**2. Let t be a(2). Suppose t*g - 96 = -376. Let m = 105 + g. Is m a prime number?
False
Suppose 93 = 3*f + 5*j - 0*j, -2*j = -6. Is f a prime number?
False
Suppose i = 4 - 3. Let w = i - 1. Let u(g) = g**2 - g + 19. Is u(w) a composite number?
False
Let l(z) = 8 - 1 + z - 1 + 3. Let k be l(-7). Suppose 5*u - 1010 = -5*w, 4*u - w - 815 = k*w. Is u a prime number?
False
Let d = 1 - -3. Suppose 2 = -d*w + 2*w. Is 11*(0/(-2) - w) composite?
False
Suppose -j - 338 = -5*o, -2*o - 3*j + 99 = -26. Is o prime?
True
Let s(w) = -w + 2095. Let c be s(0). Suppose -i + 6*i - c = 0. Is i a prime number?
True
Let x(m) = -17*m**3 - 2*m**2 + 4*m - 2. Let b(j) = 18*j**3 + 3*j**2 - 5*j + 3. Let i(k) = 3*b(k) + 4*x(k). Is i(-1) a prime number?
False
Let c(s) = -2*s**3 + 4*s**2 + 10*s - 2. Is c(-8) a composite number?
True
Suppose 7027 - 1737 = 10*t. Is t a composite number?
True
Let v be 2/5 + 1324/(-10). Let n = v - -227. Is n a composite number?
True
Let z = 15 - 10. Let g(h) = 10*h + 6. Let f(o) = 20*o + 11. Let x(d) = z*g(d) - 3*f(d). Is x(-8) a prime number?
False
Suppose -5*d + 2865 = -0*d. Is d composite?
True
Let k = 2 - -1. Suppose 248 = 3*m - 0*m + 5*b, 0 = 5*m - k*b - 436. Is m a composite number?
True
Let t = 1159 - 450. Is t composite?
False
Suppose -96 - 40 = 4*k. Let s(p) = p**3 - 6*p**2 + 3*p + 5. Let v be s(4). Let x = v - k. Is x prime?
True
Suppose 2*g = -r - 7, -2*g + 0*g = -4*r + 12. Let y(q) = 74*q**3 + q**2. Let m be y(r). Suppose -4*c - c = -m. Is c a prime number?
False
Let j(w) = -48*w**3 - 3*w**2 + 2*w - 4. Is j(-3) prime?
True
Let p(t) = -t**3 - 5*t**2 + 6*t - 5. Suppose v + 5*j - 8 = 0, 23 = -2*v + 2*j + j. Is p(v) a composite number?
True
Suppose 3*p - p = 230. Is p composite?
True
Let v = 258 + -175. Suppose 0*p = p - v. Is p a prime number?
True
Suppose 3 = -5*j - 2. Is -3*j*(-105)/(-9) a prime number?
False
Suppose 0 = 5*m - 6873 - 7292. Is m a prime number?
True
Suppose 2*v = 7*v - 1465. Is v prime?
True
Let g = 2251 - 1100. Is g a composite number?
False
Let w(o) = -3*o**3 - 3*o**2 + 2*o - 1. Is w(-3) prime?
True
Suppose 3*j - 4*j = 0, 4*n + 5*j = 5468. Is n a prime number?
True
Suppose 0*p - 3*v = 4*p - 287, 137 = 2*p - 5*v. Suppose -5*a - u = -116, 0*a + 3*a + 2*u - p = 0. Is a a prime number?
True
Let h(s) = -23*s**2 + 3*s + 1. Let y be h(3). Let a = y + 384. Is a composite?
True
Suppose 3*d = -2*p + 2, -4 = -5*p + 1. Suppose -15 + d = -3*x. Suppose 4*z = -5*n + 15, -5*n + x*z = 2*z - 50. Is n a composite number?
False
Let o be 2*(0 - 6/(-3)). Let a(s) = s**2 - 3*s + 1. Let g be a(o). Suppose -y + 49 = g*t, -23 = -2*t - 5*y - 8. Is t a prime number?
False
Suppose -n + 5*p - 17 = 0, 4*p - 8 = 4. Let j be (n + 6)*(-5)/1. Let g = -1 - j. Is g a composite number?
False
Suppose 4*k + 3282 = 2*w, -2*w - 2*k = -k - 3272. Is w a comp